ide u?
True
Suppose -5*w + 23 = -17. Does 8 divide w?
True
Let t = 21 + -13. Is (-45)/(((-84)/t)/7) a multiple of 14?
False
Suppose 19 + 261 = 8*u. Is u a multiple of 24?
False
Does 3 divide -1 - (6/(-21) + 52/(-14))?
True
Let t be -2*(0 - -1) - -2. Suppose t = z + 1 - 5. Suppose 2*k + 9 = z*g - 9, -29 = -2*g - 3*k. Does 7 divide g?
True
Let o = -74 + 110. Does 6 divide o?
True
Let z(j) = -9*j**3 + 2*j**2 + j - 6. Is 12 a factor of z(-3)?
True
Let p = 6 - 4. Suppose p*v = -4*x - 12, 2*x - 5*x = -4*v + 9. Let r(i) = -i**3 - i**2 - i + 4. Does 4 divide r(v)?
True
Let o = 27 + -14. Let d be (20/30)/((-2)/(-15)). Let n = d + o. Is 9 a factor of n?
True
Let p = 16 - -4. Is p a multiple of 12?
False
Let l(c) = c**2 - 1. Let w(v) = -v**3 - v**2 + 6*v + 4. Let q(j) = 6*l(j) - w(j). Let y(p) = -2*p**3 + p**2 + 3*p - 1. Let g be y(2). Does 16 divide q(g)?
True
Let u be (0/2 - 2) + 1. Let n be (u + (-1 - -13))*1. Suppose -n = -5*d + 3*w, 13 = 3*d - 2*d + 3*w. Does 4 divide d?
True
Let x(f) = 2*f**2 + 3*f. Let s be x(-2). Let j = 2 - s. Let n(d) = -d + 21. Is 8 a factor of n(j)?
False
Let z = 4 + -7. Let t(c) = 7*c**3 + c**2 + c + 2. Let s(y) = -y**3 - y - 1. Let l(u) = -6*s(u) - t(u). Is 5 a factor of l(z)?
False
Suppose 3*b - b = -3*n - 7, -5 = -5*b. Let s(m) = m**3 + 5*m**2 + m + 2. Does 14 divide s(n)?
False
Is -3*((-462)/35)/(3/15) a multiple of 25?
False
Let p(b) = b**3 + 3*b**2 - 10*b - 2. Does 11 divide p(-4)?
True
Suppose 38 = -r + 3*r. Suppose 4*p - 28 = -4*q, -5*q = 3*p - r - 12. Let k(o) = 7*o + 7. Does 19 divide k(q)?
False
Let b = -7 - -11. Let a(g) be the first derivative of -g**4/4 + 4*g**3/3 + 2*g**2 + g - 1. Does 10 divide a(b)?
False
Let l(c) = -c**2 - 9*c. Let u be l(-8). Let d(j) = j**3 - 7*j**2 - 3*j + 2. Does 21 divide d(u)?
True
Let x(i) be the second derivative of -i**4/12 - 5*i**3/6 + i**2 + i. Let t be x(-4). Suppose -t*w + 4*w + 26 = 0. Is 5 a factor of w?
False
Suppose -2*a - 15 - 30 = -5*p, 3*a = 0. Is p a multiple of 6?
False
Let z = 68 + -52. Does 8 divide z?
True
Suppose -3 = 2*i + 9. Let j be i/4*-20 - -2. Suppose -4*h - g = -2*h - 34, -j = -2*h - 2*g. Is 13 a factor of h?
False
Suppose 3 = -b - 0*b. Let g(j) = 1 - 4*j**3 + j**3 - 3*j**2 - 3*j + j**3. Does 14 divide g(b)?
False
Is (-1 - 5/(-4)) + 1390/40 a multiple of 7?
True
Let z(q) = 2*q - 2. Let v be z(3). Suppose v*k + j - 117 = 6*j, 26 = 2*k + 4*j. Is 14 a factor of -8 + k + 0 + 3?
False
Let c = -12 + -30. Let z = -28 - c. Suppose -8 - z = -2*l. Is l a multiple of 11?
True
Let p(z) = 5*z**2 + 2*z - 10. Let h(k) = 4*k**2 + 2*k - 9. Let r(d) = -6*h(d) + 5*p(d). Does 14 divide r(6)?
True
Suppose 7*t + 4*n = 3*t + 80, -3*n = t - 12. Is 8 a factor of t?
True
Suppose -3*s = 52 - 241. Does 21 divide s?
True
Suppose -4*f = 3*l + 178, 0*l - 150 = 3*l - 3*f. Let p = l + 89. Is 8 a factor of p?
False
Let b = 1 - -1. Suppose -2*i = -y - 33, 0*i = -b*i + 5*y + 37. Does 8 divide i?
True
Let u(l) = l**3 - l + 12. Let p(s) = -s**2 + 4*s + 5. Suppose 2*k - 1 = 9. Let d be p(k). Is 6 a factor of u(d)?
True
Let h = -4 + 1. Does 8 divide 31 - h/6*-2?
False
Let t = 228 - 120. Is 27 a factor of t?
True
Let i(s) = -s**3 + 4*s**2 + 5*s - 6. Let o be i(4). Suppose -n + 25 = -o. Is n a multiple of 13?
True
Suppose a = -4*a + 1015. Does 52 divide a?
False
Suppose -237 = -0*u - u. Does 10 divide u?
False
Suppose z - 6*z = -25. Suppose -f - m - 92 = -z*f, 2*m - 58 = -3*f. Is 11 a factor of f?
True
Let a = -14 + 10. Is (3/(-6))/(1/a) even?
True
Does 6 divide (1640/(-100))/((-1)/5)?
False
Let l(b) = 2*b**2 + 2*b + 2. Let f be l(-1). Suppose 0 = -k - 4, -3*k = f*n + 2*k. Does 9 divide n?
False
Is 21 a factor of (-102)/(-5) - (-39)/65?
True
Let h = 16 + -3. Is h a multiple of 13?
True
Let y be 2*136 - 12/4. Suppose -o - 3*z + 56 = 0, -5*o + 2*z = 6*z - y. Is 18 a factor of o?
False
Let y(o) = 3*o + 2. Suppose 5*t = j - 16, 2*j + 12 = -t - 0*j. Let b = t + 10. Is y(b) a multiple of 10?
True
Suppose -36 = 5*w + 289. Let v = w + 96. Does 13 divide v?
False
Let p = 28 + 5. Is 11 a factor of p?
True
Suppose 3*j - 5*w = 79, -5*j + 5*w + 0*w = -115. Is 18 a factor of j?
True
Let b(p) = -p**3 + 6*p**2 + 4 + p + p**2 + p + 0*p. Is b(7) a multiple of 6?
True
Suppose 0 = 3*s - 12. Let m(z) = 6*z. Does 8 divide m(s)?
True
Suppose 4*k - 2*k + 12 = 0. Let o = -4 - k. Suppose -4*f + 32 = -o*f. Does 8 divide f?
True
Suppose -5 = -2*a - 1. Suppose a*q = 4*q - 46. Does 9 divide q?
False
Suppose -2*i - 9 = -5*i. Let o = 67 - -5. Suppose -i*b = -0*b - o. Is b a multiple of 12?
True
Let p = 11 + -9. Suppose 5*c - 150 = n, -p*c + 0*c + 60 = -5*n. Is 10 a factor of c?
True
Suppose -s + 63 = -4*w, -2*s + 54 = 4*w - 12. Is s a multiple of 22?
False
Suppose 2*p + m = 5*m + 16, 6 = 2*p + m. Let h(b) = 7*b - 2. Is h(p) a multiple of 13?
True
Let q(n) be the first derivative of -2 + n**2 + 4 - 2*n**2. Is 6 a factor of q(-5)?
False
Does 9 divide 3/4 - (-1309)/68?
False
Is (-2 - -2) + -1 + 52 a multiple of 17?
True
Let h be -1 - 5*(1 - 2). Suppose h*k - 12 = 28. Suppose 0 = -5*n - 5*l - k, 6*n - 3*n = 2*l + 14. Is n a multiple of 2?
True
Suppose -3*w - 5*s = -44, 0*w - 100 = -5*w + 5*s. Does 6 divide w?
True
Let a(j) = -j**3 + 8*j**2 - 6*j - 10. Let o be ((-7)/2)/((-2)/4). Let f be a(o). Let r = f - -28. Is 12 a factor of r?
False
Suppose -1 = 4*t - 317. Is t a multiple of 22?
False
Let o = -51 - -17. Suppose 0 = 2*j + 15 + 19. Let p = j - o. Is p a multiple of 8?
False
Let m(d) = -3 + 6 - d**2 + 1. Let k be -3 - (-2 + 1 - 2). Is m(k) a multiple of 2?
True
Suppose 9 = -3*d, 0 = 2*c - 0*c + 2*d - 2. Does 4 divide c?
True
Let u(o) = o**3 + 13*o**2 + 2*o + 9. Let m be u(-13). Let d = -8 - m. Is d a multiple of 9?
True
Let v(k) = -k**3 - 5*k**2 + 3*k + 13. Is 27 a factor of v(-8)?
False
Suppose -3*l = 2*l. Suppose 2*z + l*z = 0. Suppose 2*k - 23 - 3 = 3*r, z = -r + 2. Is k a multiple of 6?
False
Let t(y) = y**2 + y - 3*y + 8 - 5. Let c = -4 + 8. Is t(c) a multiple of 5?
False
Let n = -16 + 19. Suppose -231 = -n*y + 9. Is y a multiple of 22?
False
Let p(y) = y**3 - 11*y**2 - 7*y + 12. Is p(12) a multiple of 12?
True
Suppose -28 = -5*w - 103. Let c be (22/6)/((-1)/w). Suppose 0 = -4*k + 49 + c. Is 18 a factor of k?
False
Suppose -2*j - 2 = -10. Suppose 0 = -5*p + 2*s + 324, -s = -j*p + 187 + 71. Does 16 divide p?
True
Let v = 103 - 65. Is v a multiple of 8?
False
Suppose -2*x = 2*x + 8. Let o be (8*10)/(x/(-2)). Suppose u + u - o = 0. Is 18 a factor of u?
False
Is ((-276)/18)/((-4)/6) a multiple of 7?
False
Suppose -2*p + p = -58. Suppose 0 = -t + 2*k + 19 + 1, 2*k = -2*t + p. Suppose 5*q - 56 = 2*w, 2*q + 0*w = 2*w + t. Is 5 a factor of q?
True
Let v(l) = -l - 2. Suppose 3*x + 3*w = -24, 0 = -4*w + 2*w - 2. Let q be v(x). Does 6 divide 3/15 + 59/q?
True
Let h be 57/12 + 2/8. Suppose 3*u - 38 = u + 4*q, 3*q - 108 = -h*u. Is 18 a factor of u?
False
Let g = -314 - -10. Is (-30)/(-50) - g/10 a multiple of 12?
False
Suppose -4*p + 27 + 66 = r, -2*p - 4*r = -36. Does 8 divide p?
True
Suppose -o + 19 + 33 = 0. Does 7 divide o?
False
Let l be ((-25)/(-10))/(2/4). Suppose 3*y + 2*k - 214 = 0, 2*y - l*k = -k + 148. Is y a multiple of 15?
False
Let h(x) = 10*x - 8. Is h(8) a multiple of 9?
True
Let j = -6 - -14. Suppose -5*c = -j - 107. Let h = 46 - c. Does 11 divide h?
False
Does 23 divide ((-138)/(-1))/(3 - 2 - -1)?
True
Let l = 122 + -113. Is 3 a factor of l?
True
Let k(t) = -t**2 - 9*t - 1. Let i be k(-9). Let a be 5 - (-2 - (i - -1)). Let s = a - 0. Is s a multiple of 7?
True
Let q(l) = 20*l - 7. Let v be q(8). Does 17 divide v/12*(5 - 1)?
True
Let i(k) = 2*k - 3. Let r be i(-6). Let y = -7 - r. Does 3 divide y?
False
Suppose 41 = -2*f + 3*g + 2*g, 48 = -f - 3*g. Let y be (-6)/33 - 2448/f. Suppose -4*c = -10 - y. Is c a multiple of 7?
True
Suppose 3*q + 10 = 8*q. Let w = 2 - q. Suppose w = -v + 6*v - 100. Is v a multiple of 10?
True
Let z(w) = -w**2 + 3*w + 2. Let q be z(2). Suppose -f + 4*t + 45 = 0, -5*f + 242 = t - q*t. Is f a multiple of 10?
False
Suppose -4*a + 2*w + 19 - 1 = 0, 0 = a - 2*w. Is a a multiple of 3?
True
Let m = 11 - 7. Suppose 3*n + 12 = m*d, -4*n - d - 2 = -5. Suppose n*g = 4*g + 4*q, 5*g = -3*q + 6. Does 3 divide g?
True
Let n(p) = -p**3 + 12*p**2 - 8*p - 23. Is 10 a factor of n(10)?
False
Let j(f) = f**2 + 2*f +